?
43
-7 - (6 + (-5 - 46) + 24 + -18)
32
What is (2 - -31) + 0 - (-1405 + 1431 - (1 + 16))?
24
What is -10 - (1 - -2 - -20 - (-27 - (-60 + 23)))?
-23
Evaluate 8529 - 8484 - (-67 - 1).
113
2 - -30 - (1879 + -1903)
56
What is the value of (8 - (2 + 7 - -20)) + 29?
8
Calculate -6 + 5 + (3 - 15) + -1 - 5.
-19
Evaluate (-20 - -2 - -10) + (1 - (38 + 0)) - 10.
-55
Evaluate (565 - 555) + (1 + 0 - (-5 - -103)).
-87
What is 12 + (-3 + -24 - (-55 - -33))?
7
Calculate 0 - 7 - ((-1 - 16) + (104 - 83 - 86)).
75
What is (4 + -29 + 28 - (0 + -1)) + (65 - -2)?
71
What is the value of 24 + -62 + 30 + 2?
-6
Calculate 37 + 11 + -43 - 12.
-7
Evaluate 0 + 0 - (-29 - -132 - 90).
-13
What is the value of (-2 - 5) + -12 + 3 + 57 + -9?
32
(0 + -52 - -32) + 7
-13
What is 348 + -369 - (15 + -13 - (2 - 1))?
-22
Calculate 89 - (-36 + 123) - 64.
-62
Calculate 173 + -190 + 44 + -2 - -5.
30
Evaluate 2 - 36 - 6 - -59.
19
What is 140 + (14 - ((-7 - -11) + 11 + (-15 - -17)))?
137
What is 30 + 4 + (-614 - -652)?
72
Evaluate 5 + -5 + -18 - 21.
-39
What is the value of -60 + (86 - 42) + -8?
-24
Calculate -87 - (-198 - -115 - 97).
93
What is -100 - (-33 + (-70 - -56))?
-53
Calculate 13 - (-1 + 4) - ((-52 - -2) + 65 + -63).
58
Calculate -14 + (38 - 17) - (13 + -39 + -14).
47
What is the value of 1421 - 1507 - (1 + -87)?
0
Evaluate -247 - -302 - (-9 - -1 - (-84 - -88)).
67
What is (-4 - -15 - -6) + (-29 + 9 - -36) + -1?
32
Calculate -119 - -5 - (-3410 + 3432).
-136
What is 9 - (9 + 0) - 10 - (-1 - 7 - 4)?
2
Evaluate (11 - ((10 - 4) + 3)) + 16 + -4 + -14.
0
What is (-116 - (-11 + -18 + -7)) + -18?
-98
What is the value of 112 + 1 + (3059 - 3206)?
-34
Calculate 20 + (14 - (45 - -23)) - 5.
-39
Calculate 7 + (4 - (9 + 1)) - (-9 + -7).
17
What is the value of (-13 - -52 - 19) + -26 + -3 + -1?
-10
Calculate -28 + 8 + -14 + 24.
-10
Evaluate (11 - 10) + 12 - 2 - 6 - (-7 - -50).
-38
Calculate 20 + (3 + -21 - -21) + -4.
19
What is (10 - 12) + (-61 - -32) - -20?
-11
What is (-226 - (-308 + 90)) + (12 - (0 + 1))?
3
58 - (-76 + 334 + -99)
-101
What is the value of 89 + (32 - 77) - 6?
38
What is the value of (0 - 4) + (-17 - (19 + -22)) + 10?
-8
Calculate (46 - (4 - -7)) + 5 + (-11 - (-1 + 2)).
28
Calculate 3 + (2 - (-1 - -95)) - (92 - (-64 - -154)).
-91
What is 24 + -96 - (50 + -49 + (11 - (-3 + 6)))?
-81
What is the value of -30 + (-26 - (-9 - 1 - -47))?
-93
What is the value of -46 + (-54 - (-76 - -1))?
-25
Calculate 3 - 2 - (-16 + (41 - (15 + 7) - -86)).
-88
What is -130 - (135 - 457 - -85)?
107
What is -15 + (7 - (9 + -14)) + 10 + (64 - 5)?
66
Evaluate (23 - (18 + -14)) + 3.
22
What is (-36 - -5) + 25 + (1 - (0 + -4))?
-1
What is the value of (0 + 1 - (-7 + 28 + (-10 - 0))) + -12?
-22
What is 1 + -2 + (2 - 2) - (12187 - 12199)?
11
What is the value of -2 + 44 + -62 + 21 + (43 - 1)?
43
Evaluate 12 - (3 - (17 - (-18 - -34))).
10
Calculate (-8 - -30) + 20 + -51 + 34.
25
Evaluate 11 - (-9 - -3) - (-196 + 149).
64
What is 92 + -75 - -18 - -47?
82
-166 + (210 - 142) + 43
-55
Calculate -76 + (28 - (14 + 8)) + 5.
-65
Calculate -37 + 76 + -96 + 29 - (-3 + -1).
-24
19 + -12 + 17 + -5 + -2 - -2
19
Calculate (-21 - 56 - (-1 - -6)) + -8.
-90
Calculate (2 - (14 + -24 - -21)) + 40.
31
0 + 20 + ((-18 - 11) + 9 - -14 - -12)
26
(2 - -4 - (10 - 7)) + -260 + 252 - 38
-43
-95 + 105 + 69 - (13 - -3)
63
What is 30 - (-24 + -53 + -3)?
110
Calculate (-26 - (-76 - -68)) + -30.
-48
-23 - (3 + -47 + 42)
-21
Evaluate 16 + (44 - 22) + -30 + -5.
3
(-12 - ((0 - -32) + 22 + -4 + 4)) + 0
-66
What is the value of -3 - -27 - (-1 - -31) - -16?
10
Calculate (28 - 139) + 159 + 2.
50
What is the value of -21 + -38 - ((1 - 8) + 12)?
-64
Evaluate 1 + (-21 - -10) - -11 - -38.
39
Evaluate -94 + -7 + -9 - (105 + -128).
-87
What is the value of 66 + (-104 + 148 - 62)?
48
-26 + (-11 + 26 - 22) + 17 + -3
-19
What is the value of 10 - (-101 + 292 - 108)?
-73
(-29 - -13) + (-8 - (1 + -11)) - -92
78
Evaluate (3 + -10 - -46) + -13 + (-4 - 7).
15
What is the value of 46 - (23 - (-5 - -16)) - -7?
41
-1 - 5 - (-57 - (-36 - 3)) - (0 + 10)
2
115 + (45 + -46 - 44) + -44
26
What is -32 - (-84 - (-28 - 46))?
-22
5 + -5 + -14 - -128 - (-6 + 7 + -3)
116
What is the value of -86 + (15 - 16) + 2 + 4 + (-10 - -4)?
-87
Evaluate -338 + 379 - (12 - 5 - -24).
10
What is -24 - 0 - (-32 + 27 + 30 - (-1 - -15))?
-35
Evaluate (-60 - -122) + -59 - (16 - (4 + -3)).
-12
What is the value of 7 + (-17 - (-16 - (13 + -20)))?
-1
What is the value of -6 - (41 - 7) - (9 - 5 - (-4 - 0))?
-48
Calculate 26 + -15 + 49 - (7 + 3 + -2).
52
Calculate -67 + (-9 - (-3 + 16 + 7 + -3 + -16)).
-77
What is the value of -96 - (-99 - (-30 - 18))?
-45
What is the value of 2640 + -2670 - (-22 + 0)?
-8
What is the value of -11477 + 11519 - (0 + -40)?
82
Evaluate -11 + (-8 - (-6 + -6 + 25 + -27)).
-5
What is the value of 9 - (-20 + 3 - (-29 + (70 - 40)))?
27
What is -25 + ((0 - (11 - 11)) + -20 + 9 - -14)?
-22
What is 21 - (-14 + (-124 - -15)) - (-1 + 23)?
122
Calculate (-18 - (-23 + -4)) + 20 - 105.
-76
Evaluate 6 + (-29 + 23 + -15 - (72 - -7)).
-94
(15 - 0) + -2 + -999 + 1008
22
197 + 61 - 241 - (0 + (-1 - -5))
13
What is 156 - 144 - (-1 - -21) - (10 + 95)?
-113
What is the value of 20 + (17 - 17) - (-6 + 5)?
21
0 - 14 - ((-77 - -102) + -44 - (-10 - -1))
-4
Evaluate -4 - (5 + -6) - -4 - 81 - (-6 - 3).
-71
What is the value of -13 - ((0 - (12 + 39)) + -1 - 2)?
41
Evaluate 16 + (8 - (13 + 10)) + -82.
-81
What is (8 - 18) + (-23 - (16 - 29)) + (4 - 0)?
-16
What is the value of 18 - (5 + 16 + -2 + 0)?
-1
What is the value of (-27 - (-16 - -15 - 5)) + -61 + 17?
-65
16 + 1 + (24 - 42) - (-27 - (-1 + -2))
23
What is the value of -27 + (-26 - 12 - -48) + (0 - 8)?
-25
Evaluate (1 - 7 - 1) + (-80 + 71 - (0 - -131)).
-147
Calculate -12 - ((-29 - (25 + -28)) + 46).
-32
Calculate -8064 - -8077 - (0 - 0 - 113).
126
What is the value of 24 + (10 - 20) + 74 + -72?
16
What is 112 + (-36 - 0) - (5 + -1 + -8 + -2)?
82
Evaluate 51 + -93 + (-3 + -7 - (-2 - (-3 - -7))).
-46
What is the value of 21 - 50 - (129 + -167)?
9
What is the value of 1 - -34 - (-31 - -19 - -32 - 16)?
31
Evaluate -55 + -17 + (45 - 41) + -26.
-94
15 + 10 - (15 - 4)
14
-2 - (0 - 1) - (173 + (-305 - -118))
13
What is the value of -1 + 22 + -4 + -80 + -31?
-94
-31 - (0 + 5) - -33
-3
-25 + (8 - ((24 - -1) + -29))
-13
Calculate -17 + 29 + -6 + -12 + -3 + -10 + -57.
-76
What is the value of (-30 - (57 - 137)) + -18?
32
7110 + -7055 - (13 + -1 + 3)
40
Calculate 0 + (60 - ((28 - 3) + -13 - 2)).
50
What is the value of (3 - 3) + 0 + -24 - (-64 + 77)?
-37
What is (59 + -17 - 73) + 23?
-8
What is the value of 1 + (-16 - -1) + (3 - (-61 - -47))?
3
What is -53 + 28 + -20 + -7?
-52
(3 - 38) + (18 - (-4 + 48)) + 15
-46
What is the value of (33 - 21 - 19) + 21?
14
Calculate -68 - (-20 + 19) - -45.
-22
Calculate -164 - -154 - (-5 - 2 - -5 - (9 + 2)).
3
Evaluate (-29 - (10 - 26)) + -51.
-64
Evaluate 12 - ((17 - (32 - -25)) + 6).
46
-12 - (7 + -20 + -8) - (-22 - -30)
1
Evaluate (29 - (-21 - -23)) + -61.
-34
-10 + (-39 - (-55 + 41)) + (-2 - 1) + 4
-34
What is -15 - (-78 - (32 - -2))?
97
What is the value of (7 - 6) + -13 + -49 + -13 - -15?
-59
Calculate (7 - ((10 - 18) + 58)) + (18 - 6) + -13.
-44
-91 + 121 + (-2 - (1 - 54))
81
Calculate -4 + 2 + 15 + (-8 - 2) + (-111 - -61).
-47
Evaluate -89 + (-26 + 19 + -12 - -2) + 38.
-68
1 + (-1 - -3) - (-773 + 782) - -35
29
Calculate (-369 - -355) + (5 - (7 + -4)).
-12
What is (-1 - 11 - -9 - -11) + (1 - (-2 + 7))?
4
What is 157 - 34 - (34 - 54 - -33)?
110
What is -7 - 62 - (-48 - (-62 + 20))?
-63
Calculate 4 + -2 + (-10 - (-5 - 2 - (-10 + -2))).
-13
What is the value of 23 - (13 + (-21 - -4)) - 54?
-27
What is (10 - 103) + 97 + 13 + -3 + 2?
16
Evaluate 1 - (10 + -27 + -7).
25
What is the value of (-8 + (0 - -3) - 10) + (0 - 18 - -8)?
-25
What is the value of -4 + 13 - (1128 + -1080)?
-39
-17 + 66 + -38 - (-28 + 0)
39
What is the value of -132 + (559 + -138 - 152)?
137
Calculate (9 - (-1 + 1)) + 14 + 0 + 0 + 8.
31
What is (23 - 52 - -42) + (-48 + 9 - 9)?
-35
What is the value of -69 + 206 + -87 + -74?
-24
Evaluate (-55 - 63) + (144 - 123).
-97
What is the value of 58 - (58 + (-93 - -94))?
-1
What is the value of -16 + (17 + (3 - 35) - -12) + 48?
29
What is -26 - (-798 - -808 - (-19 - 0))?
-55
Calculate (132 + -127 - (